nder when 494257 is divided by 1653?
10
Calculate the remainder when 14175428 is divided by 3543779.
312
Calculate the remainder when 881168 is divided by 88094.
228
Calculate the remainder when 39957651 is divided by 106.
103
What is the remainder when 2375184 is divided by 5765?
4
What is the remainder when 1305717 is divided by 79?
5
Calculate the remainder when 405391 is divided by 7728.
3535
What is the remainder when 36493280 is divided by 12164418?
26
What is the remainder when 783938 is divided by 499?
9
What is the remainder when 883236 is divided by 55?
46
What is the remainder when 20934534 is divided by 28?
26
What is the remainder when 5418915 is divided by 1768?
1763
What is the remainder when 2430 is divided by 106?
98
What is the remainder when 1385189 is divided by 1174?
1043
What is the remainder when 6895194 is divided by 383066?
6
Calculate the remainder when 93398 is divided by 45531.
2336
What is the remainder when 2058335 is divided by 168?
167
Calculate the remainder when 56032 is divided by 52990.
3042
Calculate the remainder when 20320035 is divided by 25.
10
Calculate the remainder when 25359 is divided by 411.
288
Calculate the remainder when 148723 is divided by 20789.
3200
Calculate the remainder when 1012301 is divided by 2.
1
Calculate the remainder when 27386 is divided by 2954.
800
Calculate the remainder when 25105088 is divided by 1793220.
8
What is the remainder when 76780 is divided by 640?
620
What is the remainder when 95519927 is divided by 139649?
11
What is the remainder when 547758 is divided by 59?
2
Calculate the remainder when 24528190 is divided by 14211.
4
Calculate the remainder when 25075457 is divided by 44460.
17
What is the remainder when 178347 is divided by 4372?
3467
Calculate the remainder when 4179717 is divided by 354.
39
Calculate the remainder when 817494 is divided by 7299.
6
What is the remainder when 15722452 is divided by 967?
966
Calculate the remainder when 389557 is divided by 688.
149
What is the remainder when 33651895 is divided by 36?
31
What is the remainder when 15857993 is divided by 859?
853
What is the remainder when 167726 is divided by 55427?
1445
Calculate the remainder when 121849 is divided by 2592.
25
What is the remainder when 2863144 is divided by 17?
4
What is the remainder when 21777983 is divided by 2763?
17
What is the remainder when 9258669 is divided by 363?
354
What is the remainder when 3176287 is divided by 2040?
7
What is the remainder when 4719926 is divided by 911?
35
Calculate the remainder when 28451741 is divided by 183.
182
Calculate the remainder when 48097032 is divided by 2247.
2244
What is the remainder when 1260513 is divided by 69?
21
Calculate the remainder when 1713083 is divided by 1713055.
28
Calculate the remainder when 3878904 is divided by 64646.
144
What is the remainder when 755101347 is divided by 450?
447
Calculate the remainder when 217364 is divided by 5798.
2838
What is the remainder when 398194 is divided by 426?
310
What is the remainder when 36574 is divided by 2114?
636
What is the remainder when 3081306 is divided by 308127?
36
Calculate the remainder when 711016 is divided by 198.
196
Calculate the remainder when 171219 is divided by 3091.
1214
What is the remainder when 2588620 is divided by 225?
220
Calculate the remainder when 909895 is divided by 423.
22
Calculate the remainder when 1233630 is divided by 144.
126
Calculate the remainder when 959871 is divided by 31.
18
What is the remainder when 1424755 is divided by 22?
13
What is the remainder when 65679 is divided by 21889?
12
What is the remainder when 2046535 is divided by 898?
891
Calculate the remainder when 661317 is divided by 12717.
33
Calculate the remainder when 16742200 is divided by 120.
40
Calculate the remainder when 20935165 is divided by 563.
10
What is the remainder when 326957 is divided by 503?
7
Calculate the remainder when 4765714 is divided by 170204.
2
Calculate the remainder when 39710506 is divided by 4963813.
2
What is the remainder when 1402245 is divided by 38951?
9
What is the remainder when 336093783 is divided by 5103?
5100
Calculate the remainder when 171174 is divided by 202.
80
Calculate the remainder when 115377546 is divided by 143.
141
What is the remainder when 172587 is divided by 1268?
139
What is the remainder when 427335 is divided by 47473?
78
Calculate the remainder when 5977720 is divided by 76.
16
What is the remainder when 66605 is divided by 2078?
109
Calculate the remainder when 30977 is divided by 30747.
230
Calculate the remainder when 7847 is divided by 7404.
443
What is the remainder when 60613 is divided by 111?
7
Calculate the remainder when 1126602 is divided by 334.
20
Calculate the remainder when 46829855 is divided by 308.
303
Calculate the remainder when 11097 is divided by 3224.
1425
What is the remainder when 154699310 is divided by 1353?
1349
What is the remainder when 58255835 is divided by 29127851?
133
Calculate the remainder when 25661845 is divided by 622.
613
What is the remainder when 5497701 is divided by 85?
71
Calculate the remainder when 1447433 is divided by 412.
77
What is the remainder when 49761241 is divided by 21?
19
Calculate the remainder when 926358 is divided by 1434.
1428
Calculate the remainder when 1204150 is divided by 17708.
6
Calculate the remainder when 1099160 is divided by 2185.
105
What is the remainder when 15716283 is divided by 85?
38
Calculate the remainder when 384792799 is divided by 10.
9
What is the remainder when 112167 is divided by 56082?
3
Calculate the remainder when 237426 is divided by 237423.
3
What is the remainder when 16827991 is divided by 13648?
7
What is the remainder when 658527 is divided by 319?
111
Calculate the remainder when 117540112 is divided by 19.
13
Calculate the remainder when 69423 is divided by 6809.
1333
What is the remainder when 36934355 is divided by 40?
35
Calculate the remainder when 32059 is divided by 2294.
2237
What is the remainder when 1477882 is divided by 108?
10
Calculate the remainder when 11321178 is divided by 17.
11
Calculate the remainder when 6405864 is divided by 5048.
5000
What is the remainder when 68833 is divided by 2705?
1208
What is the remainder when 832024 is divided by 831962?
62
Calculate the remainder when 65603 is divided by 1673.
356
What is the remainder when 1739212 is divided by 505?
497
What is the remainder when 28507593 is divided by 7252?
7233
Calculate the remainder when 136121552 is divided by 71.
68
Calculate the remainder when 1513144 is divided by 84062.
28
What is the remainder when 37980 is divided by 2195?
665
What is the remainder when 1371916 is divided by 685884?
148
Calculate the remainder when 11381467 is divided by 1719.
1687
Calculate the remainder when 31941369 is divided by 25.
19
What is the remainder when 2167660 is divided by 2737?
2693
What is the remainder when 8165996 is divided by 1000?
996
What is the remainder when 698496 is divided by 139640?
296
What is the remainder when 609232 is divided by 873?
751
Calculate the remainder when 379407535 is divided by 367.
366
Calculate the remainder when 296343 is divided by 97664.
3351
Calculate the remainder when 284630 is divided by 850.
730
What is the remainder when 1856453 is divided by 533?
14
Calculate the remainder when 1267350 is divided by 105517.
1146
What is the remainder when 1764561 is divided by 46?
1
What is the remainder when 34315736 is divided by 5525?
5486
What is the remainder when 12025082 is divided by 162500?
82
Calculate the remainder when 485543 is divided by 598.
565
What is the remainder when 3481314 is divided by 5961?
90
What is the remainder when 949819 is divided by 3429?
3415
What is the remainder when 58292 is divided by 19291?
419
Calculate the remainder when 3128339 is divided by 922.
915
Calculate the remainder when 5377482 is divided by 210.
12
Calculate the remainder when 51470766 is divided by 118.
110
What is the remainder when 2402235 is divided by 114383?
192
What is the remainder when 567682594 is divided by 1794?
1792
What is the remainder when 70829037 is divided by 3505?
3502
Calculate the remainder when 235762876 is divided by 497.
489
What is the remainder when 2462 is divide